{"id":5025,"date":"2025-10-15T12:45:15","date_gmt":"2025-10-15T10:45:15","guid":{"rendered":"http:\/\/wdkkielce.pl\/?page_id=5025"},"modified":"2026-02-18T11:21:26","modified_gmt":"2026-02-18T10:21:26","slug":"zajecia-malarskie-swietokrzyskiego-klubu-dzieci-i-mlodziezy-specjalnej-troski","status":"publish","type":"page","link":"https:\/\/wdkkielce.pl\/index.php\/zajecia-malarskie-swietokrzyskiego-klubu-dzieci-i-mlodziezy-specjalnej-troski\/","title":{"rendered":"Zaj\u0119cia malarskie \u015awi\u0119tokrzyskiego Klubu Dzieci i M\u0142odzie\u017cy z Niepe\u0142nosprawno\u015bciami"},"content":{"rendered":"\t\t<div data-elementor-type=\"wp-page\" data-elementor-id=\"5025\" class=\"elementor elementor-5025\">\n\t\t\t\t<div class=\"elementor-element elementor-element-c226614 e-con-full e-flex e-con e-parent\" data-id=\"c226614\" data-element_type=\"container\" data-e-type=\"container\">\n\t\t<div class=\"elementor-element elementor-element-4f22764 e-con-full e-flex e-con e-child\" data-id=\"4f22764\" data-element_type=\"container\" data-e-type=\"container\" data-settings=\"{&quot;background_background&quot;:&quot;classic&quot;}\">\n\t\t\t\t<div class=\"elementor-element elementor-element-a0b0f48 elementor-widget elementor-widget-heading\" data-id=\"a0b0f48\" data-element_type=\"widget\" data-e-type=\"widget\" data-widget_type=\"heading.default\">\n\t\t\t\t\t<h3 class=\"elementor-heading-title elementor-size-default\">Zaj\u0119cia malarskie \u015awi\u0119tokrzyskiego Klubu Dzieci i M\u0142odzie\u017cy z Niepe\u0142nosprawno\u015bciami\u200b<\/h3>\t\t\t\t<\/div>\n\t\t\t\t<\/div>\n\t\t\t\t<\/div>\n\t\t<div class=\"elementor-element elementor-element-5e7b6a9 e-flex e-con-boxed e-con e-parent\" data-id=\"5e7b6a9\" data-element_type=\"container\" data-e-type=\"container\">\n\t\t\t\t\t<div class=\"e-con-inner\">\n\t\t\t\t<div class=\"elementor-element elementor-element-cb433d2 elementor-widget elementor-widget-shortcode\" data-id=\"cb433d2\" data-element_type=\"widget\" data-e-type=\"widget\" data-widget_type=\"shortcode.default\">\n\t\t\t\t\t\t\t<div class=\"elementor-shortcode\">\n<\/div>\n\t\t\t\t\t\t<\/div>\n\t\t\t\t\t<\/div>\n\t\t\t\t<\/div>\n\t\t<div class=\"elementor-element elementor-element-ae98ffe e-flex e-con-boxed e-con e-parent\" data-id=\"ae98ffe\" data-element_type=\"container\" data-e-type=\"container\">\n\t\t\t\t\t<div class=\"e-con-inner\">\n\t\t\t\t<div class=\"elementor-element elementor-element-1cda40b elementor-widget elementor-widget-text-editor\" data-id=\"1cda40b\" data-element_type=\"widget\" data-e-type=\"widget\" data-widget_type=\"text-editor.default\">\n\t\t\t\t\t\t\t\t\t<p>\u015awi\u0119tokrzyski Klub Dzieci i M\u0142odzie\u017cy z Niepe\u0142nosprawno\u015bciami dzia\u0142a w Wojew\u00f3dzkim Domu Kultury od stycznia 1990 roku. Od pocz\u0105tku szczeg\u00f3lne miejsce w programie zaj\u0119\u0107 \u015aKDiMzN zajmuje arteterapia, wspieraj\u0105ca rozw\u00f3j i tw\u00f3rcz\u0105 ekspresj\u0119 uczestnik\u00f3w. Zaj\u0119cia malarskie to przestrze\u0144 pe\u0142na koloru, rado\u015bci i swobodnej tw\u00f3rczo\u015bci, dostosowana do potrzeb i mo\u017cliwo\u015bci ka\u017cdego uczestnika. Od 2010 roku opiek\u0119 merytoryczn\u0105 nad grup\u0105 sprawuje Katarzyna Kowalewska \u2013 instruktor plastyk z WDK.<\/p><p>Zaj\u0119cia odbywaj\u0105 si\u0119 w poniedzia\u0142ki, w godzinach 16.00 \u2013 18.00 i czwartki w godzinach 15.00 \u2013 17.00.\u00a0<\/p>\t\t\t\t\t\t\t\t<\/div>\n\t\t\t\t\t<\/div>\n\t\t\t\t<\/div>\n\t\t<div class=\"elementor-element elementor-element-e26fe51 e-flex e-con-boxed e-con e-parent\" data-id=\"e26fe51\" data-element_type=\"container\" data-e-type=\"container\">\n\t\t\t\t\t<div class=\"e-con-inner\">\n\t\t\t\t<div class=\"elementor-element elementor-element-3c37265 elementor-align-center elementor-icon-list--layout-inline elementor-list-item-link-full_width elementor-widget elementor-widget-icon-list\" data-id=\"3c37265\" data-element_type=\"widget\" data-e-type=\"widget\" data-widget_type=\"icon-list.default\">\n\t\t\t\t\t\t\t<ul class=\"elementor-icon-list-items elementor-inline-items\">\n\t\t\t\t\t\t\t<li class=\"elementor-icon-list-item elementor-inline-item\">\n\t\t\t\t\t\t\t\t\t\t\t<span class=\"elementor-icon-list-icon\">\n\t\t\t\t\t\t\t<svg aria-hidden=\"true\" class=\"e-font-icon-svg e-far-check-square\" viewBox=\"0 0 448 512\" xmlns=\"http:\/\/www.w3.org\/2000\/svg\"><path d=\"M400 32H48C21.49 32 0 53.49 0 80v352c0 26.51 21.49 48 48 48h352c26.51 0 48-21.49 48-48V80c0-26.51-21.49-48-48-48zm0 400H48V80h352v352zm-35.864-241.724L191.547 361.48c-4.705 4.667-12.303 4.637-16.97-.068l-90.781-91.516c-4.667-4.705-4.637-12.303.069-16.971l22.719-22.536c4.705-4.667 12.303-4.637 16.97.069l59.792 60.277 141.352-140.216c4.705-4.667 12.303-4.637 16.97.068l22.536 22.718c4.667 4.706 4.637 12.304-.068 16.971z\"><\/path><\/svg>\t\t\t\t\t\t<\/span>\n\t\t\t\t\t\t\t\t\t\t<span class=\"elementor-icon-list-text\">poniedzia\u0142ki: 16.00 \u2013 18.00<\/span>\n\t\t\t\t\t\t\t\t\t<\/li>\n\t\t\t\t\t\t\t\t<li class=\"elementor-icon-list-item elementor-inline-item\">\n\t\t\t\t\t\t\t\t\t\t\t<span class=\"elementor-icon-list-icon\">\n\t\t\t\t\t\t\t<svg aria-hidden=\"true\" class=\"e-font-icon-svg e-far-check-square\" viewBox=\"0 0 448 512\" xmlns=\"http:\/\/www.w3.org\/2000\/svg\"><path d=\"M400 32H48C21.49 32 0 53.49 0 80v352c0 26.51 21.49 48 48 48h352c26.51 0 48-21.49 48-48V80c0-26.51-21.49-48-48-48zm0 400H48V80h352v352zm-35.864-241.724L191.547 361.48c-4.705 4.667-12.303 4.637-16.97-.068l-90.781-91.516c-4.667-4.705-4.637-12.303.069-16.971l22.719-22.536c4.705-4.667 12.303-4.637 16.97.069l59.792 60.277 141.352-140.216c4.705-4.667 12.303-4.637 16.97.068l22.536 22.718c4.667 4.706 4.637 12.304-.068 16.971z\"><\/path><\/svg>\t\t\t\t\t\t<\/span>\n\t\t\t\t\t\t\t\t\t\t<span class=\"elementor-icon-list-text\">czwartki: 15.00 \u2013 17.00<\/span>\n\t\t\t\t\t\t\t\t\t<\/li>\n\t\t\t\t\t\t<\/ul>\n\t\t\t\t\t\t<\/div>\n\t\t\t\t\t<\/div>\n\t\t\t\t<\/div>\n\t\t\t\t<section class=\"elementor-section elementor-top-section elementor-element elementor-element-b1c2322 elementor-section-boxed elementor-section-height-default elementor-section-height-default\" data-id=\"b1c2322\" data-element_type=\"section\" data-e-type=\"section\" data-settings=\"{&quot;background_background&quot;:&quot;classic&quot;}\">\n\t\t\t\t\t\t<div class=\"elementor-container elementor-column-gap-wide\">\n\t\t\t\t\t<div class=\"elementor-column elementor-col-50 elementor-top-column elementor-element elementor-element-b76d370\" data-id=\"b76d370\" data-element_type=\"column\" data-e-type=\"column\">\n\t\t\t<div class=\"elementor-widget-wrap elementor-element-populated\">\n\t\t\t\t<div class=\"elementor-element elementor-element-b51592f wdk-card e-con-full e-flex e-con e-parent\" data-id=\"b51592f\" data-element_type=\"container\" data-e-type=\"container\" data-settings=\"{&quot;background_background&quot;:&quot;classic&quot;}\">\n\t\t<div class=\"elementor-element elementor-element-ce525e1 e-con-full e-flex e-con e-child\" data-id=\"ce525e1\" data-element_type=\"container\" data-e-type=\"container\">\n\t\t\t\t<div class=\"elementor-element elementor-element-45e1e27 elementor-view-framed elementor-shape-circle elementor-widget elementor-widget-icon\" data-id=\"45e1e27\" data-element_type=\"widget\" data-e-type=\"widget\" data-widget_type=\"icon.default\">\n\t\t\t\t\t\t\t<div class=\"elementor-icon-wrapper\">\n\t\t\t<div class=\"elementor-icon\">\n\t\t\t<svg aria-hidden=\"true\" class=\"e-font-icon-svg e-far-user\" viewBox=\"0 0 448 512\" xmlns=\"http:\/\/www.w3.org\/2000\/svg\"><path d=\"M313.6 304c-28.7 0-42.5 16-89.6 16-47.1 0-60.8-16-89.6-16C60.2 304 0 364.2 0 438.4V464c0 26.5 21.5 48 48 48h352c26.5 0 48-21.5 48-48v-25.6c0-74.2-60.2-134.4-134.4-134.4zM400 464H48v-25.6c0-47.6 38.8-86.4 86.4-86.4 14.6 0 38.3 16 89.6 16 51.7 0 74.9-16 89.6-16 47.6 0 86.4 38.8 86.4 86.4V464zM224 288c79.5 0 144-64.5 144-144S303.5 0 224 0 80 64.5 80 144s64.5 144 144 144zm0-240c52.9 0 96 43.1 96 96s-43.1 96-96 96-96-43.1-96-96 43.1-96 96-96z\"><\/path><\/svg>\t\t\t<\/div>\n\t\t<\/div>\n\t\t\t\t\t\t<\/div>\n\t\t\t\t<div class=\"elementor-element elementor-element-a5546e5 elementor-widget elementor-widget-heading\" data-id=\"a5546e5\" data-element_type=\"widget\" data-e-type=\"widget\" data-widget_type=\"heading.default\">\n\t\t\t\t\t<h3 class=\"elementor-heading-title elementor-size-default\">Katarzyna Kowalewska<\/h3>\t\t\t\t<\/div>\n\t\t\t\t<div class=\"elementor-element elementor-element-4c4483b elementor-icon-list--layout-traditional elementor-list-item-link-full_width elementor-widget elementor-widget-icon-list\" data-id=\"4c4483b\" data-element_type=\"widget\" data-e-type=\"widget\" data-widget_type=\"icon-list.default\">\n\t\t\t\t\t\t\t<ul class=\"elementor-icon-list-items\">\n\t\t\t\t\t\t\t<li class=\"elementor-icon-list-item\">\n\t\t\t\t\t\t\t\t\t\t\t<a href=\"tel:+48413655104\">\n\n\t\t\t\t\t\t\t\t\t\t\t\t<span class=\"elementor-icon-list-icon\">\n\t\t\t\t\t\t\t<svg aria-hidden=\"true\" class=\"e-font-icon-svg e-fas-phone-alt\" viewBox=\"0 0 512 512\" xmlns=\"http:\/\/www.w3.org\/2000\/svg\"><path d=\"M497.39 361.8l-112-48a24 24 0 0 0-28 6.9l-49.6 60.6A370.66 370.66 0 0 1 130.6 204.11l60.6-49.6a23.94 23.94 0 0 0 6.9-28l-48-112A24.16 24.16 0 0 0 122.6.61l-104 24A24 24 0 0 0 0 48c0 256.5 207.9 464 464 464a24 24 0 0 0 23.4-18.6l24-104a24.29 24.29 0 0 0-14.01-27.6z\"><\/path><\/svg>\t\t\t\t\t\t<\/span>\n\t\t\t\t\t\t\t\t\t\t<span class=\"elementor-icon-list-text\">41 36 55 104<\/span>\n\t\t\t\t\t\t\t\t\t\t\t<\/a>\n\t\t\t\t\t\t\t\t\t<\/li>\n\t\t\t\t\t\t<\/ul>\n\t\t\t\t\t\t<\/div>\n\t\t\t\t<\/div>\n\t\t\t\t<\/div>\n\t\t\t\t\t<\/div>\n\t\t<\/div>\n\t\t\t\t<div class=\"elementor-column elementor-col-50 elementor-top-column elementor-element elementor-element-2bff16c\" data-id=\"2bff16c\" data-element_type=\"column\" data-e-type=\"column\">\n\t\t\t<div class=\"elementor-widget-wrap\">\n\t\t\t\t\t\t\t<\/div>\n\t\t<\/div>\n\t\t\t\t\t<\/div>\n\t\t<\/section>\n\t\t<div class=\"elementor-element elementor-element-3be75e1 e-flex e-con-boxed e-con e-parent\" data-id=\"3be75e1\" data-element_type=\"container\" data-e-type=\"container\">\n\t\t\t\t\t<div class=\"e-con-inner\">\n\t\t\t\t<div class=\"elementor-element elementor-element-7133b3c elementor-widget elementor-widget-spacer\" data-id=\"7133b3c\" data-element_type=\"widget\" data-e-type=\"widget\" data-widget_type=\"spacer.default\">\n\t\t\t\t\t\t\t<div class=\"elementor-spacer\">\n\t\t\t<div class=\"elementor-spacer-inner\"><\/div>\n\t\t<\/div>\n\t\t\t\t\t\t<\/div>\n\t\t\t\t<div class=\"elementor-element elementor-element-e486155 elementor-widget elementor-widget-heading\" data-id=\"e486155\" data-element_type=\"widget\" data-e-type=\"widget\" data-widget_type=\"heading.default\">\n\t\t\t\t\t<h3 class=\"elementor-heading-title elementor-size-default\">Aktualno\u015bci<\/h3>\t\t\t\t<\/div>\n\t\t\t\t\t<\/div>\n\t\t\t\t<\/div>\n\t\t<div class=\"elementor-element elementor-element-a20233b e-flex e-con-boxed e-con e-parent\" data-id=\"a20233b\" data-element_type=\"container\" data-e-type=\"container\">\n\t\t\t\t\t<div class=\"e-con-inner\">\n\t\t\t\t<div class=\"elementor-element elementor-element-ef6e899 meta-visibility-show title_position_default title_hover_border_default title-default img_hover_animation_default meta_position_default readmore-btn-default-style grid-hover-overlay-type-always tpg-el-box-border-enable tpg-border-bottom-disable elementor-widget elementor-widget-tpg-list-layout\" data-id=\"ef6e899\" data-element_type=\"widget\" data-e-type=\"widget\" data-widget_type=\"tpg-list-layout.default\">\n\t\t\t\t<div class=\"elementor-widget-container\">\n\t\t\t\t\t\n        <div class=\"rt-container-fluid rt-tpg-container tpg-el-main-wrapper list-layout1-main \"\n             data-sc-id=\"elementor\"\n             id=\"rt-tpg-container-1095847531\"\n             data-layout=\"list-layout1\"\n             data-grid-style=\"tpg-even\"\n             data-el-settings=''\n             data-el-query=''\n             data-el-path=''\n        >\n\t\t\t            <div class='tpg-header-wrapper '>\n\t\t\t\t            <\/div>\n\n            <div data-title=\"Loading ...\" class=\"rt-row rt-content-loader list-layout1 tpg-even list-behaviour list-layout-wrapper\">\n\t\t\t\t\n<div class=\"rt-col-md-12 rt-col-sm-12 rt-col-xs-12 default rt-list-item rt-grid-item\" data-id=\"12346\">\n\t<div class=\"rt-holder tpg-post-holder \">\n\t\t<div class=\"rt-detail rt-el-content-wrapper\">\n\t\t\t\t\t\t\t<div class=\"rt-img-holder tpg-el-image-wrap has-thumbnail\">\n\t\t\t\t\t<a data-id=\"12346\" href=\"https:\/\/wdkkielce.pl\/index.php\/2026\/03\/09\/wyjatkowe-prace-podopiecznych-swietokrzyskiego-klubu-dzieci-i-mlodziezy-z-niepelnosprawnosciami-do-nabycia-od-13-marca\/\" class=\"tpg-post-link\" target=\"_self\">                        <img fetchpriority=\"high\" decoding=\"async\" src=\"https:\/\/wdkkielce.pl\/wp-content\/uploads\/2026\/03\/Pawel-Karpol-Dama-930x620.jpg\"\n                             class=\"rt-img-responsive\"\n                             width=\"930\"\n                             height=\"620\"\n                             alt=\"Wyj\u0105tkowe prace podopiecznych \u015awi\u0119tokrzyskiego Klubu Dzieci i M\u0142odzie\u017cy z Niepe\u0142nosprawno\u015bciami \u2013 do nabycia od 13 marca!\">\n\t\t\t\t\t\t\n\t\t\t\t\t\t\t\n\t\t<\/a>\n\t\t        <div class=\"overlay grid-hover-content\"><\/div>\n\t\t\t\t\t\t<\/div>\n\t\t\t\n\t\t\t<div class=\"post-right-content\">\n\t\t\t\t<div class=\"entry-title-wrapper\"><h3 class=\"entry-title\"><a data-id=\"12346\" href=\"https:\/\/wdkkielce.pl\/index.php\/2026\/03\/09\/wyjatkowe-prace-podopiecznych-swietokrzyskiego-klubu-dzieci-i-mlodziezy-z-niepelnosprawnosciami-do-nabycia-od-13-marca\/\" class=\"tpg-post-link\" target=\"_self\">Wyj\u0105tkowe prace podopiecznych \u015awi\u0119tokrzyskiego Klubu Dzieci i M\u0142odzie\u017cy z Niepe\u0142nosprawno\u015bciami \u2013 do nabycia od 13 marca!<\/a><\/h3><\/div>\n\t\t\t\t\t\t\t\t\t<div class=\"post-meta-tags rt-el-post-meta\">\n\t\t\t\t\t\t\t\t\t\t\t<\/div>\n\t\t\t\t\n\t\t\t\t\t\t\t\t\t<div class=\"tpg-excerpt tpg-el-excerpt\">\n\t\t\t\t\t\t\t\t\t\t\t\t\t<div class=\"tpg-excerpt-inner\">\n\t\t\t\t\t\t\t\tZ rado\u015bci\u0105 informujemy, \u017ce prace prezentowane na wystawie podopiecznych \u015awi\u0119tokrzyskiego Klubu Dzieci i M\u0142odzie\u017cy z Niepe\u0142nosprawno\u015bciami b\u0119dzie mo\u017cna zakupi\u0107. Ekspozycj\u0119 mo\u017cna ogl\u0105da\u0107 do 13 marca, a po tym terminie zainteresowane osoby mog\u0105 skontaktowa\u0107 si\u0119 bezpo\u015brednio z Dzia\u0142em Kultury WDK. Na...\t\t\t\t\t\t\t<\/div>\n\t\t\t\t\t\t\t\t\t\t\t\t\t\t\t\t\t<\/div>\n\t\t\t\t\n\t\t\t\t        <div class=\"post-footer\">\n            <div class=\"post-footer\">\n                <div class=\"read-more\">\n\t\t\t\t\t<a data-id=\"12346\" href=\"https:\/\/wdkkielce.pl\/index.php\/2026\/03\/09\/wyjatkowe-prace-podopiecznych-swietokrzyskiego-klubu-dzieci-i-mlodziezy-z-niepelnosprawnosciami-do-nabycia-od-13-marca\/\" class=\"tpg-post-link\" target=\"_self\">Czytaj dalej<\/a>                <\/div>\n            <\/div>\n        <\/div>\n\t\t\t\t\t<\/div>\n\t\t<\/div>\n\t<\/div>\n<\/div>\n\n<div class=\"rt-col-md-12 rt-col-sm-12 rt-col-xs-12 default rt-list-item rt-grid-item\" data-id=\"11567\">\n\t<div class=\"rt-holder tpg-post-holder \">\n\t\t<div class=\"rt-detail rt-el-content-wrapper\">\n\t\t\t\t\t\t\t<div class=\"rt-img-holder tpg-el-image-wrap has-thumbnail\">\n\t\t\t\t\t<a data-id=\"11567\" href=\"https:\/\/wdkkielce.pl\/index.php\/2026\/02\/18\/wernisaz-wystawy-malarstwa-podopiecznych-swietokrzyskiego-klubu-dzieci-i-mlodziezy-z-niepelnosprawnosciami\/\" class=\"tpg-post-link\" target=\"_self\">                        <img decoding=\"async\" src=\"https:\/\/wdkkielce.pl\/wp-content\/uploads\/2026\/02\/wernisaz-malarstwoSKDiMzN_media_FB-event_nowy-930x620.jpg\"\n                             class=\"rt-img-responsive\"\n                             width=\"930\"\n                             height=\"620\"\n                             alt=\"Wernisa\u017c wystawy malarstwa podopiecznych \u015awi\u0119tokrzyskiego Klubu Dzieci i M\u0142odzie\u017cy z Niepe\u0142nosprawno\u015bciami\">\n\t\t\t\t\t\t\n\t\t\t\t\t\t\t\n\t\t<\/a>\n\t\t        <div class=\"overlay grid-hover-content\"><\/div>\n\t\t\t\t\t\t<\/div>\n\t\t\t\n\t\t\t<div class=\"post-right-content\">\n\t\t\t\t<div class=\"entry-title-wrapper\"><h3 class=\"entry-title\"><a data-id=\"11567\" href=\"https:\/\/wdkkielce.pl\/index.php\/2026\/02\/18\/wernisaz-wystawy-malarstwa-podopiecznych-swietokrzyskiego-klubu-dzieci-i-mlodziezy-z-niepelnosprawnosciami\/\" class=\"tpg-post-link\" target=\"_self\">Wernisa\u017c wystawy malarstwa podopiecznych \u015awi\u0119tokrzyskiego Klubu Dzieci i M\u0142odzie\u017cy z Niepe\u0142nosprawno\u015bciami<\/a><\/h3><\/div>\n\t\t\t\t\t\t\t\t\t<div class=\"post-meta-tags rt-el-post-meta\">\n\t\t\t\t\t\t\t\t\t\t\t<\/div>\n\t\t\t\t\n\t\t\t\t\t\t\t\t\t<div class=\"tpg-excerpt tpg-el-excerpt\">\n\t\t\t\t\t\t\t\t\t\t\t\t\t<div class=\"tpg-excerpt-inner\">\n\t\t\t\t\t\t\t\t19 lutego (w czwartek) o godz. 17.00 w Wojew\u00f3dzkim Domu Kultury w Kielcach zostanie otwarta wystawa prac plastycznych podopiecznych \u015awi\u0119tokrzyskiego Klubu Dzieci i M\u0142odzie\u017cy z Niepe\u0142nosprawno\u015bciami. To tradycyjna coroczna wystawa, podczas kt\u00f3rej mo\u017cna podziwia\u0107 efekty plener\u00f3w malarskich i...\t\t\t\t\t\t\t<\/div>\n\t\t\t\t\t\t\t\t\t\t\t\t\t\t\t\t\t<\/div>\n\t\t\t\t\n\t\t\t\t        <div class=\"post-footer\">\n            <div class=\"post-footer\">\n                <div class=\"read-more\">\n\t\t\t\t\t<a data-id=\"11567\" href=\"https:\/\/wdkkielce.pl\/index.php\/2026\/02\/18\/wernisaz-wystawy-malarstwa-podopiecznych-swietokrzyskiego-klubu-dzieci-i-mlodziezy-z-niepelnosprawnosciami\/\" class=\"tpg-post-link\" target=\"_self\">Czytaj dalej<\/a>                <\/div>\n            <\/div>\n        <\/div>\n\t\t\t\t\t<\/div>\n\t\t<\/div>\n\t<\/div>\n<\/div>\n            <\/div>\n\n\t\t\t\n        <\/div>\n\t\t\t\t\t\t<\/div>\n\t\t\t\t<\/div>\n\t\t\t\t\t<\/div>\n\t\t\t\t<\/div>\n\t\t<div class=\"elementor-element elementor-element-de6ee30 e-flex e-con-boxed e-con e-parent\" data-id=\"de6ee30\" data-element_type=\"container\" data-e-type=\"container\">\n\t\t\t\t\t<div class=\"e-con-inner\">\n\t\t\t\t<div class=\"elementor-element elementor-element-1dd58e6 elementor-widget elementor-widget-button\" data-id=\"1dd58e6\" data-element_type=\"widget\" data-e-type=\"widget\" data-widget_type=\"button.default\">\n\t\t\t\t\t\t\t\t\t\t<a class=\"elementor-button elementor-button-link elementor-size-sm\" href=\"http:\/\/wdkkielce.pl\/index.php\/zespoly\/\">\n\t\t\t\t\t\t<span class=\"elementor-button-content-wrapper\">\n\t\t\t\t\t\t\t\t\t<span class=\"elementor-button-text\">Wr\u00f3\u0107 do zespo\u0142\u00f3w<\/span>\n\t\t\t\t\t<\/span>\n\t\t\t\t\t<\/a>\n\t\t\t\t\t\t\t\t<\/div>\n\t\t\t\t\t<\/div>\n\t\t\t\t<\/div>\n\t\t\t\t<\/div>\n\t\t<div class=\"pdfprnt-buttons pdfprnt-buttons-post pdfprnt-bottom-right\"><a href=\"https:\/\/wdkkielce.pl\/index.php\/wp-json\/wp\/v2\/pages\/5025?print=pdf\" class=\"pdfprnt-button pdfprnt-button-pdf\" target=\"_blank\" ><img decoding=\"async\" src=\"http:\/\/wdkkielce.pl\/wp-content\/plugins\/pdf-print\/images\/pdf.png\" alt=\"image_pdf\" title=\"View PDF\" \/><\/a><a href=\"https:\/\/wdkkielce.pl\/index.php\/wp-json\/wp\/v2\/pages\/5025?print=print\" class=\"pdfprnt-button pdfprnt-button-print\" target=\"_blank\" ><img decoding=\"async\" src=\"http:\/\/wdkkielce.pl\/wp-content\/plugins\/pdf-print\/images\/print.png\" alt=\"image_print\" title=\"Print Content\" \/><\/a><\/div>","protected":false},"excerpt":{"rendered":"<p>Zaj\u0119cia malarskie \u015awi\u0119tokrzyskiego Klubu Dzieci i M\u0142odzie\u017cy z Niepe\u0142nosprawno\u015bciami\u200b \u015awi\u0119tokrzyski Klub Dzieci i M\u0142odzie\u017cy z Niepe\u0142nosprawno\u015bciami dzia\u0142a w Wojew\u00f3dzkim Domu Kultury od stycznia 1990 roku. Od pocz\u0105tku szczeg\u00f3lne miejsce w programie zaj\u0119\u0107 \u015aKDiMzN zajmuje arteterapia, wspieraj\u0105ca rozw\u00f3j i tw\u00f3rcz\u0105 ekspresj\u0119 uczestnik\u00f3w. Zaj\u0119cia malarskie to przestrze\u0144 pe\u0142na koloru, rado\u015bci i swobodnej tw\u00f3rczo\u015bci, dostosowana do potrzeb i&hellip;&nbsp;<\/p>\n","protected":false},"author":1,"featured_media":0,"parent":0,"menu_order":0,"comment_status":"closed","ping_status":"closed","template":"page-templates\/template-pagebuilder-full-width.php","meta":{"inline_featured_image":false,"neve_meta_sidebar":"","neve_meta_container":"","neve_meta_enable_content_width":"off","neve_meta_content_width":100,"neve_meta_title_alignment":"","neve_meta_author_avatar":"","neve_post_elements_order":"","neve_meta_disable_header":"","neve_meta_disable_footer":"","neve_meta_disable_title":"","neve_meta_reading_time":"","footnotes":""},"class_list":["post-5025","page","type-page","status-publish","hentry"],"rttpg_featured_image_url":null,"rttpg_author":{"display_name":"admin","author_link":"https:\/\/wdkkielce.pl\/index.php\/author\/admin\/"},"rttpg_comment":0,"rttpg_category":"","rttpg_excerpt":"Zaj\u0119cia malarskie \u015awi\u0119tokrzyskiego Klubu Dzieci i M\u0142odzie\u017cy z Niepe\u0142nosprawno\u015bciami\u200b \u015awi\u0119tokrzyski Klub Dzieci i M\u0142odzie\u017cy z Niepe\u0142nosprawno\u015bciami dzia\u0142a w Wojew\u00f3dzkim Domu Kultury od stycznia 1990 roku. Od pocz\u0105tku szczeg\u00f3lne miejsce w programie zaj\u0119\u0107 \u015aKDiMzN zajmuje arteterapia, wspieraj\u0105ca rozw\u00f3j i tw\u00f3rcz\u0105 ekspresj\u0119 uczestnik\u00f3w. Zaj\u0119cia malarskie to przestrze\u0144 pe\u0142na koloru, rado\u015bci i swobodnej tw\u00f3rczo\u015bci, dostosowana do potrzeb i&hellip;&nbsp;","_links":{"self":[{"href":"https:\/\/wdkkielce.pl\/index.php\/wp-json\/wp\/v2\/pages\/5025","targetHints":{"allow":["GET"]}}],"collection":[{"href":"https:\/\/wdkkielce.pl\/index.php\/wp-json\/wp\/v2\/pages"}],"about":[{"href":"https:\/\/wdkkielce.pl\/index.php\/wp-json\/wp\/v2\/types\/page"}],"author":[{"embeddable":true,"href":"https:\/\/wdkkielce.pl\/index.php\/wp-json\/wp\/v2\/users\/1"}],"replies":[{"embeddable":true,"href":"https:\/\/wdkkielce.pl\/index.php\/wp-json\/wp\/v2\/comments?post=5025"}],"version-history":[{"count":54,"href":"https:\/\/wdkkielce.pl\/index.php\/wp-json\/wp\/v2\/pages\/5025\/revisions"}],"predecessor-version":[{"id":11975,"href":"https:\/\/wdkkielce.pl\/index.php\/wp-json\/wp\/v2\/pages\/5025\/revisions\/11975"}],"wp:attachment":[{"href":"https:\/\/wdkkielce.pl\/index.php\/wp-json\/wp\/v2\/media?parent=5025"}],"curies":[{"name":"wp","href":"https:\/\/api.w.org\/{rel}","templated":true}]}}