{"id":2283,"date":"2025-10-01T14:01:54","date_gmt":"2025-10-01T14:01:54","guid":{"rendered":"http:\/\/wdkkielce.pl\/index.php\/events\/koncert-inauguracyjny-zespolu-piesni-i-tanca-kielce\/"},"modified":"2025-10-01T14:01:54","modified_gmt":"2025-10-01T14:01:54","slug":"koncert-inauguracyjny-zespolu-piesni-i-tanca-kielce","status":"publish","type":"mec-events","link":"https:\/\/wdkkielce.pl\/index.php\/events\/koncert-inauguracyjny-zespolu-piesni-i-tanca-kielce\/","title":{"rendered":"Koncert Inauguracyjny Zespo\u0142u Pie\u015bni i Ta\u0144ca &#8220;Kielce&#8221;"},"content":{"rendered":"<p>Koncert Inauguracyjny Zespo\u0142u Pie\u015bni i Ta\u0144ca &#8220;Kielce&#8221;<\/p>\n<p>\ud83d\uddd3 Data: 28 wrze\u015bnia 2024 r.<br \/>\n\ud83d\udd54 Godzina: 17:30<br \/>\n\ud83c\udfdb Miejsce: Sala Widowiskowa Wojew\u00f3dzkiego Domu Kultury w Kielcach<br \/>\n\ud83c\udf9f Wst\u0119p: Wolny<\/p>\n<p>Zesp\u00f3\u0142 Pie\u015bni i Ta\u0144ca &#8220;Kielce&#8221; zaprasza na koncert inauguracyjny, kt\u00f3ry otworzy nowy sezon artystyczny. Podczas koncertu zaprezentowane zostan\u0105 ta\u0144ce i pie\u015bni z r\u00f3\u017cnych region\u00f3w Polski, w tym r\u00f3wnie\u017c narodowe, jak polonez i mazur. To niepowtarzalna okazja, aby do\u015bwiadczy\u0107 pi\u0119kna polskiej tradycji i folkloru.<\/p>\n<p>Koncert odb\u0119dzie si\u0119 w Sali Widowiskowej Wojew\u00f3dzkiego Domu Kultury w Kielcach 28 wrze\u015bnia o godzinie 17:30. Wst\u0119p na wydarzenie jest wolny. Serdecznie zapraszamy wszystkich mi\u0142o\u015bnik\u00f3w kultury ludowej, jak r\u00f3wnie\u017c tych, kt\u00f3rzy chc\u0105 bli\u017cej pozna\u0107 bogactwo polskiej tradycji.<\/p>\n<p>Organizatorzy: Wojew\u00f3dzki Dom Kultury w Kielcach oraz Urz\u0105d Marsza\u0142kowski Wojew\u00f3dztwa \u015awi\u0119tokrzyskiego.<\/p>\n<div class=\"pdfprnt-buttons pdfprnt-buttons-mec-events pdfprnt-bottom-right\"><a href=\"https:\/\/wdkkielce.pl\/index.php\/wp-json\/wp\/v2\/mec-events\/2283?print=pdf\" class=\"pdfprnt-button pdfprnt-button-pdf\" target=\"_blank\" ><img decoding=\"async\" src=\"http:\/\/wdkkielce.pl\/wp-content\/plugins\/pdf-print\/images\/pdf.png\" alt=\"image_pdf\" title=\"View PDF\" \/><\/a><a href=\"https:\/\/wdkkielce.pl\/index.php\/wp-json\/wp\/v2\/mec-events\/2283?print=print\" class=\"pdfprnt-button pdfprnt-button-print\" target=\"_blank\" ><img decoding=\"async\" src=\"http:\/\/wdkkielce.pl\/wp-content\/plugins\/pdf-print\/images\/print.png\" alt=\"image_print\" title=\"Print Content\" \/><\/a><\/div>","protected":false},"excerpt":{"rendered":"<p>Koncert Inauguracyjny Zespo\u0142u Pie\u015bni i Ta\u0144ca &#8220;Kielce&#8221; \ud83d\uddd3 Data: 28 wrze\u015bnia 2024 r. \ud83d\udd54 Godzina: 17:30 \ud83c\udfdb Miejsce: Sala Widowiskowa Wojew\u00f3dzkiego Domu Kultury w Kielcach \ud83c\udf9f Wst\u0119p: Wolny Zesp\u00f3\u0142 Pie\u015bni i Ta\u0144ca &#8220;Kielce&#8221; zaprasza na koncert inauguracyjny, kt\u00f3ry otworzy nowy sezon artystyczny. Podczas koncertu zaprezentowane zostan\u0105 ta\u0144ce i pie\u015bni z r\u00f3\u017cnych region\u00f3w Polski, w tym&hellip;&nbsp;<\/p>\n","protected":false},"author":1,"featured_media":2284,"comment_status":"open","ping_status":"closed","template":"","tags":[],"mec_category":[],"mec_speaker":[],"class_list":["post-2283","mec-events","type-mec-events","status-publish","has-post-thumbnail","hentry"],"_links":{"self":[{"href":"https:\/\/wdkkielce.pl\/index.php\/wp-json\/wp\/v2\/mec-events\/2283","targetHints":{"allow":["GET"]}}],"collection":[{"href":"https:\/\/wdkkielce.pl\/index.php\/wp-json\/wp\/v2\/mec-events"}],"about":[{"href":"https:\/\/wdkkielce.pl\/index.php\/wp-json\/wp\/v2\/types\/mec-events"}],"author":[{"embeddable":true,"href":"https:\/\/wdkkielce.pl\/index.php\/wp-json\/wp\/v2\/users\/1"}],"replies":[{"embeddable":true,"href":"https:\/\/wdkkielce.pl\/index.php\/wp-json\/wp\/v2\/comments?post=2283"}],"wp:featuredmedia":[{"embeddable":true,"href":"https:\/\/wdkkielce.pl\/index.php\/wp-json\/wp\/v2\/media\/2284"}],"wp:attachment":[{"href":"https:\/\/wdkkielce.pl\/index.php\/wp-json\/wp\/v2\/media?parent=2283"}],"wp:term":[{"taxonomy":"post_tag","embeddable":true,"href":"https:\/\/wdkkielce.pl\/index.php\/wp-json\/wp\/v2\/tags?post=2283"},{"taxonomy":"mec_category","embeddable":true,"href":"https:\/\/wdkkielce.pl\/index.php\/wp-json\/wp\/v2\/mec_category?post=2283"},{"taxonomy":"mec_speaker","embeddable":true,"href":"https:\/\/wdkkielce.pl\/index.php\/wp-json\/wp\/v2\/mec_speaker?post=2283"}],"curies":[{"name":"wp","href":"https:\/\/api.w.org\/{rel}","templated":true}]}}

Koncert Inauguracyjny Zespołu Pieśni i Tańca &#8220;Kielce&#8221;

<p>Koncert Inauguracyjny Zespołu Pieśni i Tańca &#8220;Kielce&#8221;</p>
<p>🗓 Data: 28 września 2024 r.<br />
🕔 Godzina: 17:30<br />
🏛 Miejsce: Sala Widowiskowa Wojewódzkiego Domu Kultury w Kielcach<br />
🎟 Wstęp: Wolny</p>
<p>Zespół Pieśni i Tańca &#8220;Kielce&#8221; zaprasza na koncert inauguracyjny, który otworzy nowy sezon artystyczny. Podczas koncertu zaprezentowane zostaną tańce i pieśni z różnych regionów Polski, w tym również narodowe, jak polonez i mazur. To niepowtarzalna okazja, aby doświadczyć piękna polskiej tradycji i folkloru.</p>
<p>Koncert odbędzie się w Sali Widowiskowej Wojewódzkiego Domu Kultury w Kielcach 28 września o godzinie 17:30. Wstęp na wydarzenie jest wolny. Serdecznie zapraszamy wszystkich miłośników kultury ludowej, jak również tych, którzy chcą bliżej poznać bogactwo polskiej tradycji.</p>
<p>Organizatorzy: Wojewódzki Dom Kultury w Kielcach oraz Urząd Marszałkowski Województwa Świętokrzyskiego.</p>
<div class="pdfprnt-buttons pdfprnt-buttons-mec-events pdfprnt-bottom-right"><a href="https://wdkkielce.pl/index.php/wp-json/wp/v2/mec-events/2283?print=pdf" class="pdfprnt-button pdfprnt-button-pdf" target="_blank" ><img decoding="async" src="http://wdkkielce.pl/wp-content/plugins/pdf-print/images/pdf.png" alt="image_pdf" title="View PDF" /></a><a href="https://wdkkielce.pl/index.php/wp-json/wp/v2/mec-events/2283?print=print" class="pdfprnt-button pdfprnt-button-print" target="_blank" ><img decoding="async" src="http://wdkkielce.pl/wp-content/plugins/pdf-print/images/print.png" alt="image_print" title="Print Content" /></a></div>

<p>Koncert Inauguracyjny Zespołu Pieśni i Tańca &#8220;Kielce&#8221; 🗓 Data: 28 września 2024 r. 🕔 Godzina: 17:30 🏛 Miejsce: Sala Widowiskowa Wojewódzkiego Domu Kultury w Kielcach 🎟 Wstęp: Wolny Zespół Pieśni i Tańca &#8220;Kielce&#8221; zaprasza na koncert inauguracyjny, który otworzy nowy sezon artystyczny. Podczas koncertu zaprezentowane zostaną tańce i pieśni z różnych regionów Polski, w tym&hellip;&nbsp;</p>
