{"id":2255,"date":"2025-10-02T09:09:39","date_gmt":"2025-10-02T09:09:39","guid":{"rendered":"http:\/\/wdkkielce.pl\/index.php\/events\/kunkurs-finalowy-iv-regionalny-przeglad-piesni-patriotycznej\/"},"modified":"2025-10-02T09:09:39","modified_gmt":"2025-10-02T09:09:39","slug":"kunkurs-finalowy-iv-regionalny-przeglad-piesni-patriotycznej","status":"publish","type":"mec-events","link":"https:\/\/wdkkielce.pl\/index.php\/events\/kunkurs-finalowy-iv-regionalny-przeglad-piesni-patriotycznej\/","title":{"rendered":"Kunkurs Fina\u0142owy &#8211; IV Regionalny Przegl\u0105d Pie\u015bni Patriotycznej"},"content":{"rendered":"<p>\ud83c\udf89 Rozpoczynamy zg\u0142oszenia do IV Regionalnego Przegl\u0105du Pie\u015bni Patriotycznej! \ud83c\uddf5\ud83c\uddf1<\/p>\n<p>Czy Twoje serce bije mocniej przy d\u017awi\u0119kach pie\u015bni patriotycznych? Czy chcesz, by Tw\u00f3j talent rozbrzmia\u0142 na jednej z najwi\u0119kszych scen regionu? Teraz masz szans\u0119! Wojew\u00f3dzki Dom Kultury oraz Starostwo Powiatowe w Kielcach serdecznie zapraszaj\u0105 do udzia\u0142u w konkursie, kt\u00f3ry \u0142\u0105czy pokolenia i oddaje ho\u0142d naszej historii.<br \/>\n\ud83c\udfa4 Kategorie: soli\u015bci, zespo\u0142y wokalne oraz wokalno-instrumentalne \u2013 ka\u017cdy znajdzie miejsce dla siebie!<\/p>\n<p>\ud83d\udcc5 Terminy eliminacji:<br \/>\n12 pa\u017adziernika 2024 (sobota), godz. 10:00 \u2013 Park Kultury w Starachowicach<br \/>\n19 pa\u017adziernika 2024 (sobota), godz. 10:00 \u2013 Centrum Kultury w J\u0119drzejowie<br \/>\n20 pa\u017adziernika 2024 (niedziela), godz. 10:00 \u2013 Wojew\u00f3dzki Dom Kultury w Kielcach<br \/>\n\ud83d\udcc5 Fina\u0142:<br \/>\n27 pa\u017adziernika 2024 (niedziela), godz. 10:00 \u2013 Wojew\u00f3dzki Dom Kultury w Kielcach<\/p>\n<p>\ud83d\udea8 Zg\u0142oszenia przyjmujemy do 4 pa\u017adziernika 2024:<br \/>\n\ud83d\udd39 Mailowo: \ud83d\udce9 kultura@wdk-kielce.pl<br \/>\n\ud83d\udd39 Listownie: \ud83d\udcec Wojew\u00f3dzki Dom Kultury w Kielcach, ul. \u015aciegiennego 2, 25-033 Kielce<\/p>\n<p>\ud83d\udcde Wi\u0119cej informacji pod numerem telefonu: 41 365 51 34<br \/>\nRegulamin i karty zg\u0142osze\u0144 dost\u0119pne na www.wdkkielce.pl<br \/>\nNie czekaj, poka\u017c sw\u00f3j talent i przeka\u017c ducha patriotyzmu poprzez muzyk\u0119! \ud83c\udfb6<\/p>\n<p>\ud83c\udfdb\ufe0fOrganizatorzy:<br \/>\nWojew\u00f3dzki Dom Kultury w Kielcach<br \/>\nStarostwo Powiatowe w Kielcach<\/p>\n<p>\ud83c\udfadWsp\u00f3\u0142organizatorzy:<br \/>\nCentrum Kultury w J\u0119drzejowie<br \/>\nPark Kultury<\/p>\n<p>\ud83c\udf96\ufe0fPatronat honorowy:<br \/>\nRenata Janik Marsza\u0142ek Wojew\u00f3dztwa \u015awi\u0119tokrzyskiego<br \/>\nStarosta Kielecki<\/p>\n<p> \ud83d\udcfa\ud83d\udcfb\ud83d\udcf0Patronat medialny:<br \/>\nTVP3 Kielce<br \/>\nRadio Kielce<br \/>\nEcho Dnia Kielce<br \/>\nRadio eM Kielce<br \/>\nPortal Informacji Kulturalnej wojew\u00f3dztwa \u015bwi\u0119tokrzyskiego<\/p>\n<div class=\"pdfprnt-buttons pdfprnt-buttons-mec-events pdfprnt-bottom-right\"><a href=\"https:\/\/wdkkielce.pl\/index.php\/wp-json\/wp\/v2\/mec-events\/2255?print=pdf\" class=\"pdfprnt-button pdfprnt-button-pdf\" target=\"_blank\" ><img decoding=\"async\" src=\"http:\/\/wdkkielce.pl\/wp-content\/plugins\/pdf-print\/images\/pdf.png\" alt=\"image_pdf\" title=\"View PDF\" \/><\/a><a href=\"https:\/\/wdkkielce.pl\/index.php\/wp-json\/wp\/v2\/mec-events\/2255?print=print\" class=\"pdfprnt-button pdfprnt-button-print\" target=\"_blank\" ><img decoding=\"async\" src=\"http:\/\/wdkkielce.pl\/wp-content\/plugins\/pdf-print\/images\/print.png\" alt=\"image_print\" title=\"Print Content\" \/><\/a><\/div>","protected":false},"excerpt":{"rendered":"<p>\ud83c\udf89 Rozpoczynamy zg\u0142oszenia do IV Regionalnego Przegl\u0105du Pie\u015bni Patriotycznej! \ud83c\uddf5\ud83c\uddf1 Czy Twoje serce bije mocniej przy d\u017awi\u0119kach pie\u015bni patriotycznych? Czy chcesz, by Tw\u00f3j talent rozbrzmia\u0142 na jednej z najwi\u0119kszych scen regionu? Teraz masz szans\u0119! Wojew\u00f3dzki Dom Kultury oraz Starostwo Powiatowe w Kielcach serdecznie zapraszaj\u0105 do udzia\u0142u w konkursie, kt\u00f3ry \u0142\u0105czy pokolenia i oddaje ho\u0142d naszej&hellip;&nbsp;<\/p>\n","protected":false},"author":1,"featured_media":2256,"comment_status":"closed","ping_status":"closed","template":"","tags":[],"mec_category":[],"mec_speaker":[],"class_list":["post-2255","mec-events","type-mec-events","status-publish","has-post-thumbnail","hentry"],"_links":{"self":[{"href":"https:\/\/wdkkielce.pl\/index.php\/wp-json\/wp\/v2\/mec-events\/2255","targetHints":{"allow":["GET"]}}],"collection":[{"href":"https:\/\/wdkkielce.pl\/index.php\/wp-json\/wp\/v2\/mec-events"}],"about":[{"href":"https:\/\/wdkkielce.pl\/index.php\/wp-json\/wp\/v2\/types\/mec-events"}],"author":[{"embeddable":true,"href":"https:\/\/wdkkielce.pl\/index.php\/wp-json\/wp\/v2\/users\/1"}],"replies":[{"embeddable":true,"href":"https:\/\/wdkkielce.pl\/index.php\/wp-json\/wp\/v2\/comments?post=2255"}],"wp:featuredmedia":[{"embeddable":true,"href":"https:\/\/wdkkielce.pl\/index.php\/wp-json\/wp\/v2\/media\/2256"}],"wp:attachment":[{"href":"https:\/\/wdkkielce.pl\/index.php\/wp-json\/wp\/v2\/media?parent=2255"}],"wp:term":[{"taxonomy":"post_tag","embeddable":true,"href":"https:\/\/wdkkielce.pl\/index.php\/wp-json\/wp\/v2\/tags?post=2255"},{"taxonomy":"mec_category","embeddable":true,"href":"https:\/\/wdkkielce.pl\/index.php\/wp-json\/wp\/v2\/mec_category?post=2255"},{"taxonomy":"mec_speaker","embeddable":true,"href":"https:\/\/wdkkielce.pl\/index.php\/wp-json\/wp\/v2\/mec_speaker?post=2255"}],"curies":[{"name":"wp","href":"https:\/\/api.w.org\/{rel}","templated":true}]}}

Kunkurs Finałowy &#8211; IV Regionalny Przegląd Pieśni Patriotycznej

<p>🎉 Rozpoczynamy zgłoszenia do IV Regionalnego Przeglądu Pieśni Patriotycznej! 🇵🇱</p>
<p>Czy Twoje serce bije mocniej przy dźwiękach pieśni patriotycznych? Czy chcesz, by Twój talent rozbrzmiał na jednej z największych scen regionu? Teraz masz szansę! Wojewódzki Dom Kultury oraz Starostwo Powiatowe w Kielcach serdecznie zapraszają do udziału w konkursie, który łączy pokolenia i oddaje hołd naszej historii.<br />
🎤 Kategorie: soliści, zespoły wokalne oraz wokalno-instrumentalne – każdy znajdzie miejsce dla siebie!</p>
<p>📅 Terminy eliminacji:<br />
12 października 2024 (sobota), godz. 10:00 – Park Kultury w Starachowicach<br />
19 października 2024 (sobota), godz. 10:00 – Centrum Kultury w Jędrzejowie<br />
20 października 2024 (niedziela), godz. 10:00 – Wojewódzki Dom Kultury w Kielcach<br />
📅 Finał:<br />
27 października 2024 (niedziela), godz. 10:00 – Wojewódzki Dom Kultury w Kielcach</p>
<p>🚨 Zgłoszenia przyjmujemy do 4 października 2024:<br />
🔹 Mailowo: 📩 kultura@wdk-kielce.pl<br />
🔹 Listownie: 📬 Wojewódzki Dom Kultury w Kielcach, ul. Ściegiennego 2, 25-033 Kielce</p>
<p>📞 Więcej informacji pod numerem telefonu: 41 365 51 34<br />
Regulamin i karty zgłoszeń dostępne na www.wdkkielce.pl<br />
Nie czekaj, pokaż swój talent i przekaż ducha patriotyzmu poprzez muzykę! 🎶</p>
<p>🏛️Organizatorzy:<br />
Wojewódzki Dom Kultury w Kielcach<br />
Starostwo Powiatowe w Kielcach</p>
<p>🎭Współorganizatorzy:<br />
Centrum Kultury w Jędrzejowie<br />
Park Kultury</p>
<p>🎖️Patronat honorowy:<br />
Renata Janik Marszałek Województwa Świętokrzyskiego<br />
Starosta Kielecki</p>
<p> 📺📻📰Patronat medialny:<br />
TVP3 Kielce<br />
Radio Kielce<br />
Echo Dnia Kielce<br />
Radio eM Kielce<br />
Portal Informacji Kulturalnej województwa świętokrzyskiego</p>
<div class="pdfprnt-buttons pdfprnt-buttons-mec-events pdfprnt-bottom-right"><a href="https://wdkkielce.pl/index.php/wp-json/wp/v2/mec-events/2255?print=pdf" class="pdfprnt-button pdfprnt-button-pdf" target="_blank" ><img decoding="async" src="http://wdkkielce.pl/wp-content/plugins/pdf-print/images/pdf.png" alt="image_pdf" title="View PDF" /></a><a href="https://wdkkielce.pl/index.php/wp-json/wp/v2/mec-events/2255?print=print" class="pdfprnt-button pdfprnt-button-print" target="_blank" ><img decoding="async" src="http://wdkkielce.pl/wp-content/plugins/pdf-print/images/print.png" alt="image_print" title="Print Content" /></a></div>

<p>🎉 Rozpoczynamy zgłoszenia do IV Regionalnego Przeglądu Pieśni Patriotycznej! 🇵🇱 Czy Twoje serce bije mocniej przy dźwiękach pieśni patriotycznych? Czy chcesz, by Twój talent rozbrzmiał na jednej z największych scen regionu? Teraz masz szansę! Wojewódzki Dom Kultury oraz Starostwo Powiatowe w Kielcach serdecznie zapraszają do udziału w konkursie, który łączy pokolenia i oddaje hołd naszej&hellip;&nbsp;</p>
