{"id":2253,"date":"2025-10-02T09:09:39","date_gmt":"2025-10-02T09:09:39","guid":{"rendered":"http:\/\/wdkkielce.pl\/index.php\/events\/herbert-barbarzynca-w-ogrodzie-bezplatny-pokaz-filmu\/"},"modified":"2025-10-02T09:09:39","modified_gmt":"2025-10-02T09:09:39","slug":"herbert-barbarzynca-w-ogrodzie-bezplatny-pokaz-filmu","status":"publish","type":"mec-events","link":"https:\/\/wdkkielce.pl\/index.php\/events\/herbert-barbarzynca-w-ogrodzie-bezplatny-pokaz-filmu\/","title":{"rendered":"\u201eHERBERT. BARBARZY\u0143CA W OGRODZIE\u201d &#8211; bezp\u0142atny pokaz filmu"},"content":{"rendered":"<p>\ud83d\udce2 HERBERT. BARBARZY\u0143CA W OGRODZIE \ud83c\udfac<\/p>\n<p>\ud83d\udcc5 Data: 28 pa\u017adziernika 2024<br \/>\n\ud83d\udd55 Godzina: 18:00<br \/>\n\ud83d\udccd Miejsce: Kino Fenomen WDK<\/p>\n<p>Z okazji urodzin Zbigniewa Herberta zapraszamy na bezp\u0142atny pokaz filmu \u201eHERBERT. BARBARZY\u0143CA W OGRODZIE\u201d re\u017cyserii Rafaela Lewandowskiego. Wej\u015bci\u00f3wki do odebrania w kasie kina Fenomen.<\/p>\n<p>\ud83c\udf1f Opis filmu:<br \/>\nZbigniew Herbert jest uznanym poet\u0105 na \u015bwiecie, a w Polsce postaci\u0105 kultow\u0105. Jego tw\u00f3rczo\u015b\u0107, przet\u0142umaczona na 40 j\u0119zyk\u00f3w, zdoby\u0142a liczne nagrody za sw\u00f3j ponadczasowy i uniwersalny charakter. Jednak za pi\u0119knem jego wierszy i nieskaziteln\u0105 moralno\u015bci\u0105 kryje si\u0119 burzliwe i trudne \u017cycie. Herbert zmaga\u0142 si\u0119 z niepewno\u015bci\u0105, gniewem, b\u00f3lem fizycznym, a nawet chorob\u0105 psychiczn\u0105.<\/p>\n<p>Ponad 20 lat po \u015bmierci artysty, \u201eHerbert. Barbarzy\u0144ca w ogrodzie\u201d ukazuje jego skomplikowan\u0105 osobowo\u015b\u0107. Tw\u00f3rcom filmu uda\u0142o si\u0119 dotrze\u0107 do os\u00f3b, kt\u00f3re osobi\u015bcie zna\u0142y poet\u0119 i nigdy wcze\u015bniej nie wypowiada\u0142y si\u0119 publicznie na jego temat. Jest to pierwszy film zrealizowany we wsp\u00f3\u0142pracy z Fundacj\u0105 im. Zbigniewa Herberta oraz jego spadkobiercami. Dzi\u0119ki wgl\u0105dowi we wspomnienia i do\u015bwiadczenia bliskich mu os\u00f3b, a w szczeg\u00f3lno\u015bci jego \u017cony Katarzyny, pod\u0105\u017caj\u0105c jego \u015bladami z Polski, poprzez Europ\u0119, do Stan\u00f3w Zjednoczonych, tw\u00f3rcy filmu zadaj\u0105 pytanie o cen\u0119, jak\u0105 autor \u201ePana Cogito\u201d musia\u0142 ponie\u015b\u0107 za swoj\u0105 wra\u017cliwo\u015b\u0107 i niezale\u017cno\u015b\u0107.<\/p>\n<p>Herbert by\u0142 moralnym przewodnikiem w Polsce, kt\u00f3rego wierszy uczono si\u0119 na pami\u0119\u0107 w czasach walki z komunizmem. Jego poezja, pe\u0142na humoru i finezji, kryje ma\u0142o znane \u017cycie prywatne \u2013 \u017cycie cz\u0142owieka pe\u0142nego humoru, kt\u00f3ry zmaga\u0142 si\u0119 z wieloma osobistymi demonami.<\/p>\n<p>Nie przegapcie okazji, by pozna\u0107 bli\u017cej jednego z najwi\u0119kszych poet\u00f3w XX wieku i jego fascynuj\u0105c\u0105 histori\u0119. Ten wyj\u0105tkowy film poka\u017ce Wam nie tylko jego sukcesy literackie, ale r\u00f3wnie\u017c osobiste zmagania i triumfy.<\/p>\n<p>\ud83c\udf9f\ufe0f Wej\u015bci\u00f3wki dost\u0119pne w kasie Kina Fenomen<\/p>\n<p>Wydarzenia pod patronatem honorowym Renaty Janik &#8211; Marsza\u0142ek Wojew\u00f3dztwa \u015awi\u0119tokrzyskiego.<\/p>\n<p>Organizatorzy:<br \/>\nWojew\u00f3dzki Dom Kultury w Kielcach \ud83c\udfdb\ufe0f<br \/>\nKino Fenomen \ud83c\udfa5<\/p>\n<p>Wsp\u00f3\u0142organizatorzy:<br \/>\nPoeci Znad Silnicy \u270d\ufe0f<br \/>\nZwi\u0105zek Literat\u00f3w Polskich \ud83d\udcd6<br \/>\nLiterackie \u015awiat\u0142o M\u0142odych \ud83d\udca1<\/p>\n<div class=\"pdfprnt-buttons pdfprnt-buttons-mec-events pdfprnt-bottom-right\"><a href=\"https:\/\/wdkkielce.pl\/index.php\/wp-json\/wp\/v2\/mec-events\/2253?print=pdf\" class=\"pdfprnt-button pdfprnt-button-pdf\" target=\"_blank\" ><img decoding=\"async\" src=\"http:\/\/wdkkielce.pl\/wp-content\/plugins\/pdf-print\/images\/pdf.png\" alt=\"image_pdf\" title=\"View PDF\" \/><\/a><a href=\"https:\/\/wdkkielce.pl\/index.php\/wp-json\/wp\/v2\/mec-events\/2253?print=print\" class=\"pdfprnt-button pdfprnt-button-print\" target=\"_blank\" ><img decoding=\"async\" src=\"http:\/\/wdkkielce.pl\/wp-content\/plugins\/pdf-print\/images\/print.png\" alt=\"image_print\" title=\"Print Content\" \/><\/a><\/div>","protected":false},"excerpt":{"rendered":"<p>\ud83d\udce2 HERBERT. BARBARZY\u0143CA W OGRODZIE \ud83c\udfac \ud83d\udcc5 Data: 28 pa\u017adziernika 2024 \ud83d\udd55 Godzina: 18:00 \ud83d\udccd Miejsce: Kino Fenomen WDK Z okazji urodzin Zbigniewa Herberta zapraszamy na bezp\u0142atny pokaz filmu \u201eHERBERT. BARBARZY\u0143CA W OGRODZIE\u201d re\u017cyserii Rafaela Lewandowskiego. Wej\u015bci\u00f3wki do odebrania w kasie kina Fenomen. \ud83c\udf1f Opis filmu: Zbigniew Herbert jest uznanym poet\u0105 na \u015bwiecie, a w&hellip;&nbsp;<\/p>\n","protected":false},"author":1,"featured_media":2254,"comment_status":"closed","ping_status":"closed","template":"","tags":[],"mec_category":[],"mec_speaker":[],"class_list":["post-2253","mec-events","type-mec-events","status-publish","has-post-thumbnail","hentry"],"_links":{"self":[{"href":"https:\/\/wdkkielce.pl\/index.php\/wp-json\/wp\/v2\/mec-events\/2253","targetHints":{"allow":["GET"]}}],"collection":[{"href":"https:\/\/wdkkielce.pl\/index.php\/wp-json\/wp\/v2\/mec-events"}],"about":[{"href":"https:\/\/wdkkielce.pl\/index.php\/wp-json\/wp\/v2\/types\/mec-events"}],"author":[{"embeddable":true,"href":"https:\/\/wdkkielce.pl\/index.php\/wp-json\/wp\/v2\/users\/1"}],"replies":[{"embeddable":true,"href":"https:\/\/wdkkielce.pl\/index.php\/wp-json\/wp\/v2\/comments?post=2253"}],"wp:featuredmedia":[{"embeddable":true,"href":"https:\/\/wdkkielce.pl\/index.php\/wp-json\/wp\/v2\/media\/2254"}],"wp:attachment":[{"href":"https:\/\/wdkkielce.pl\/index.php\/wp-json\/wp\/v2\/media?parent=2253"}],"wp:term":[{"taxonomy":"post_tag","embeddable":true,"href":"https:\/\/wdkkielce.pl\/index.php\/wp-json\/wp\/v2\/tags?post=2253"},{"taxonomy":"mec_category","embeddable":true,"href":"https:\/\/wdkkielce.pl\/index.php\/wp-json\/wp\/v2\/mec_category?post=2253"},{"taxonomy":"mec_speaker","embeddable":true,"href":"https:\/\/wdkkielce.pl\/index.php\/wp-json\/wp\/v2\/mec_speaker?post=2253"}],"curies":[{"name":"wp","href":"https:\/\/api.w.org\/{rel}","templated":true}]}}

„HERBERT. BARBARZYŃCA W OGRODZIE” &#8211; bezpłatny pokaz filmu

<p>📢 HERBERT. BARBARZYŃCA W OGRODZIE 🎬</p>
<p>📅 Data: 28 października 2024<br />
🕕 Godzina: 18:00<br />
📍 Miejsce: Kino Fenomen WDK</p>
<p>Z okazji urodzin Zbigniewa Herberta zapraszamy na bezpłatny pokaz filmu „HERBERT. BARBARZYŃCA W OGRODZIE” reżyserii Rafaela Lewandowskiego. Wejściówki do odebrania w kasie kina Fenomen.</p>
<p>🌟 Opis filmu:<br />
Zbigniew Herbert jest uznanym poetą na świecie, a w Polsce postacią kultową. Jego twórczość, przetłumaczona na 40 języków, zdobyła liczne nagrody za swój ponadczasowy i uniwersalny charakter. Jednak za pięknem jego wierszy i nieskazitelną moralnością kryje się burzliwe i trudne życie. Herbert zmagał się z niepewnością, gniewem, bólem fizycznym, a nawet chorobą psychiczną.</p>
<p>Ponad 20 lat po śmierci artysty, „Herbert. Barbarzyńca w ogrodzie” ukazuje jego skomplikowaną osobowość. Twórcom filmu udało się dotrzeć do osób, które osobiście znały poetę i nigdy wcześniej nie wypowiadały się publicznie na jego temat. Jest to pierwszy film zrealizowany we współpracy z Fundacją im. Zbigniewa Herberta oraz jego spadkobiercami. Dzięki wglądowi we wspomnienia i doświadczenia bliskich mu osób, a w szczególności jego żony Katarzyny, podążając jego śladami z Polski, poprzez Europę, do Stanów Zjednoczonych, twórcy filmu zadają pytanie o cenę, jaką autor „Pana Cogito” musiał ponieść za swoją wrażliwość i niezależność.</p>
<p>Herbert był moralnym przewodnikiem w Polsce, którego wierszy uczono się na pamięć w czasach walki z komunizmem. Jego poezja, pełna humoru i finezji, kryje mało znane życie prywatne – życie człowieka pełnego humoru, który zmagał się z wieloma osobistymi demonami.</p>
<p>Nie przegapcie okazji, by poznać bliżej jednego z największych poetów XX wieku i jego fascynującą historię. Ten wyjątkowy film pokaże Wam nie tylko jego sukcesy literackie, ale również osobiste zmagania i triumfy.</p>
<p>🎟️ Wejściówki dostępne w kasie Kina Fenomen</p>
<p>Wydarzenia pod patronatem honorowym Renaty Janik &#8211; Marszałek Województwa Świętokrzyskiego.</p>
<p>Organizatorzy:<br />
Wojewódzki Dom Kultury w Kielcach 🏛️<br />
Kino Fenomen 🎥</p>
<p>Współorganizatorzy:<br />
Poeci Znad Silnicy ✍️<br />
Związek Literatów Polskich 📖<br />
Literackie Światło Młodych 💡</p>
<div class="pdfprnt-buttons pdfprnt-buttons-mec-events pdfprnt-bottom-right"><a href="https://wdkkielce.pl/index.php/wp-json/wp/v2/mec-events/2253?print=pdf" class="pdfprnt-button pdfprnt-button-pdf" target="_blank" ><img decoding="async" src="http://wdkkielce.pl/wp-content/plugins/pdf-print/images/pdf.png" alt="image_pdf" title="View PDF" /></a><a href="https://wdkkielce.pl/index.php/wp-json/wp/v2/mec-events/2253?print=print" class="pdfprnt-button pdfprnt-button-print" target="_blank" ><img decoding="async" src="http://wdkkielce.pl/wp-content/plugins/pdf-print/images/print.png" alt="image_print" title="Print Content" /></a></div>

<p>📢 HERBERT. BARBARZYŃCA W OGRODZIE 🎬 📅 Data: 28 października 2024 🕕 Godzina: 18:00 📍 Miejsce: Kino Fenomen WDK Z okazji urodzin Zbigniewa Herberta zapraszamy na bezpłatny pokaz filmu „HERBERT. BARBARZYŃCA W OGRODZIE” reżyserii Rafaela Lewandowskiego. Wejściówki do odebrania w kasie kina Fenomen. 🌟 Opis filmu: Zbigniew Herbert jest uznanym poetą na świecie, a w&hellip;&nbsp;</p>
