{"id":2251,"date":"2025-10-02T09:09:38","date_gmt":"2025-10-02T09:09:38","guid":{"rendered":"http:\/\/wdkkielce.pl\/index.php\/events\/poezja-herberta-i-spektakl-ksiaze-i-luna\/"},"modified":"2025-10-02T09:09:38","modified_gmt":"2025-10-02T09:09:38","slug":"poezja-herberta-i-spektakl-ksiaze-i-luna","status":"publish","type":"mec-events","link":"https:\/\/wdkkielce.pl\/index.php\/events\/poezja-herberta-i-spektakl-ksiaze-i-luna\/","title":{"rendered":"Poezja Herberta i spektakl \u201eKsi\u0105\u017c\u0119 i Luna\u201d"},"content":{"rendered":"<p>100. rocznica urodzin Zbigniewa Herberta w Wojew\u00f3dzkim Domu Kultury \u2013 28, 29 pa\u017adziernika \ud83d\udcfd\ud83c\udf99\ud83d\udcd6\ud83c\udfad<\/p>\n<p>Wojew\u00f3dzki Dom Kultury w Kielcach przy wsp\u00f3\u0142pracy z kieleckim oddzia\u0142em Zwi\u0105zku Literat\u00f3w Polskich organizuje w tym roku cykl wydarze\u0144 zwi\u0105zanych z 100. rocznic\u0105 urodzin Zbigniewa Herberta. Zapraszamy do udzia\u0142u w prelekcjach, spektaklach i projekcjach kinowych wszystkich mi\u0142o\u015bnik\u00f3w poezji Herberta.<\/p>\n<p>Cykl wydarze\u0144 zwi\u0105zanych z 100. rocznic\u0105 urodzin Zbigniewa Herberta obj\u0119ty zosta\u0142 patronatem przez Renat\u0119 Janik &#8211; Marsza\u0142ka Wojew\u00f3dztwa \u015awi\u0119tokrzyskiego<\/p>\n<p>\ud83d\udccb29.10, wtorek godz. 17:00 \u2013 \u201ePoeci znad Silnicy\u201d i \u201eLiterackie \u015awiat\u0142o M\u0142odych\u201d czytaj\u0105 Herberta<br \/>\n\u201eKsi\u0105\u017c\u0119 i Luna\u201d &#8211; spektakl Teatru Przemys\u0142awa Tejkowskiego\u201d, wst\u0119p wolny (Sala Teatralna WDK) \ud83d\udcd6<\/p>\n<div class=\"pdfprnt-buttons pdfprnt-buttons-mec-events pdfprnt-bottom-right\"><a href=\"https:\/\/wdkkielce.pl\/index.php\/wp-json\/wp\/v2\/mec-events\/2251?print=pdf\" class=\"pdfprnt-button pdfprnt-button-pdf\" target=\"_blank\" ><img decoding=\"async\" src=\"http:\/\/wdkkielce.pl\/wp-content\/plugins\/pdf-print\/images\/pdf.png\" alt=\"image_pdf\" title=\"View PDF\" \/><\/a><a href=\"https:\/\/wdkkielce.pl\/index.php\/wp-json\/wp\/v2\/mec-events\/2251?print=print\" class=\"pdfprnt-button pdfprnt-button-print\" target=\"_blank\" ><img decoding=\"async\" src=\"http:\/\/wdkkielce.pl\/wp-content\/plugins\/pdf-print\/images\/print.png\" alt=\"image_print\" title=\"Print Content\" \/><\/a><\/div>","protected":false},"excerpt":{"rendered":"<p>100. rocznica urodzin Zbigniewa Herberta w Wojew\u00f3dzkim Domu Kultury \u2013 28, 29 pa\u017adziernika \ud83d\udcfd\ud83c\udf99\ud83d\udcd6\ud83c\udfad Wojew\u00f3dzki Dom Kultury w Kielcach przy wsp\u00f3\u0142pracy z kieleckim oddzia\u0142em Zwi\u0105zku Literat\u00f3w Polskich organizuje w tym roku cykl wydarze\u0144 zwi\u0105zanych z 100. rocznic\u0105 urodzin Zbigniewa Herberta. Zapraszamy do udzia\u0142u w prelekcjach, spektaklach i projekcjach kinowych wszystkich mi\u0142o\u015bnik\u00f3w poezji Herberta. Cykl wydarze\u0144&hellip;&nbsp;<\/p>\n","protected":false},"author":1,"featured_media":2252,"comment_status":"closed","ping_status":"closed","template":"","tags":[],"mec_category":[],"mec_speaker":[],"class_list":["post-2251","mec-events","type-mec-events","status-publish","has-post-thumbnail","hentry"],"_links":{"self":[{"href":"https:\/\/wdkkielce.pl\/index.php\/wp-json\/wp\/v2\/mec-events\/2251","targetHints":{"allow":["GET"]}}],"collection":[{"href":"https:\/\/wdkkielce.pl\/index.php\/wp-json\/wp\/v2\/mec-events"}],"about":[{"href":"https:\/\/wdkkielce.pl\/index.php\/wp-json\/wp\/v2\/types\/mec-events"}],"author":[{"embeddable":true,"href":"https:\/\/wdkkielce.pl\/index.php\/wp-json\/wp\/v2\/users\/1"}],"replies":[{"embeddable":true,"href":"https:\/\/wdkkielce.pl\/index.php\/wp-json\/wp\/v2\/comments?post=2251"}],"wp:featuredmedia":[{"embeddable":true,"href":"https:\/\/wdkkielce.pl\/index.php\/wp-json\/wp\/v2\/media\/2252"}],"wp:attachment":[{"href":"https:\/\/wdkkielce.pl\/index.php\/wp-json\/wp\/v2\/media?parent=2251"}],"wp:term":[{"taxonomy":"post_tag","embeddable":true,"href":"https:\/\/wdkkielce.pl\/index.php\/wp-json\/wp\/v2\/tags?post=2251"},{"taxonomy":"mec_category","embeddable":true,"href":"https:\/\/wdkkielce.pl\/index.php\/wp-json\/wp\/v2\/mec_category?post=2251"},{"taxonomy":"mec_speaker","embeddable":true,"href":"https:\/\/wdkkielce.pl\/index.php\/wp-json\/wp\/v2\/mec_speaker?post=2251"}],"curies":[{"name":"wp","href":"https:\/\/api.w.org\/{rel}","templated":true}]}}

Poezja Herberta i spektakl „Książę i Luna”

<p>100. rocznica urodzin Zbigniewa Herberta w Wojewódzkim Domu Kultury – 28, 29 października 📽🎙📖🎭</p>
<p>Wojewódzki Dom Kultury w Kielcach przy współpracy z kieleckim oddziałem Związku Literatów Polskich organizuje w tym roku cykl wydarzeń związanych z 100. rocznicą urodzin Zbigniewa Herberta. Zapraszamy do udziału w prelekcjach, spektaklach i projekcjach kinowych wszystkich miłośników poezji Herberta.</p>
<p>Cykl wydarzeń związanych z 100. rocznicą urodzin Zbigniewa Herberta objęty został patronatem przez Renatę Janik &#8211; Marszałka Województwa Świętokrzyskiego</p>
<p>📋29.10, wtorek godz. 17:00 – „Poeci znad Silnicy” i „Literackie Światło Młodych” czytają Herberta<br />
„Książę i Luna” &#8211; spektakl Teatru Przemysława Tejkowskiego”, wstęp wolny (Sala Teatralna WDK) 📖</p>
<div class="pdfprnt-buttons pdfprnt-buttons-mec-events pdfprnt-bottom-right"><a href="https://wdkkielce.pl/index.php/wp-json/wp/v2/mec-events/2251?print=pdf" class="pdfprnt-button pdfprnt-button-pdf" target="_blank" ><img decoding="async" src="http://wdkkielce.pl/wp-content/plugins/pdf-print/images/pdf.png" alt="image_pdf" title="View PDF" /></a><a href="https://wdkkielce.pl/index.php/wp-json/wp/v2/mec-events/2251?print=print" class="pdfprnt-button pdfprnt-button-print" target="_blank" ><img decoding="async" src="http://wdkkielce.pl/wp-content/plugins/pdf-print/images/print.png" alt="image_print" title="Print Content" /></a></div>

<p>100. rocznica urodzin Zbigniewa Herberta w Wojewódzkim Domu Kultury – 28, 29 października 📽🎙📖🎭 Wojewódzki Dom Kultury w Kielcach przy współpracy z kieleckim oddziałem Związku Literatów Polskich organizuje w tym roku cykl wydarzeń związanych z 100. rocznicą urodzin Zbigniewa Herberta. Zapraszamy do udziału w prelekcjach, spektaklach i projekcjach kinowych wszystkich miłośników poezji Herberta. Cykl wydarzeń&hellip;&nbsp;</p>
